220.
217
Calculate the remainder when 1625 is divided by 653.
319
What is the remainder when 1597067 is divided by 413?
409
Calculate the remainder when 8966 is divided by 2235.
26
Calculate the remainder when 636 is divided by 126.
6
Calculate the remainder when 22021 is divided by 26.
25
Calculate the remainder when 24800 is divided by 8264.
8
Calculate the remainder when 2887 is divided by 234.
79
Calculate the remainder when 137263 is divided by 85.
73
What is the remainder when 610391 is divided by 38?
35
Calculate the remainder when 7527 is divided by 143.
91
Calculate the remainder when 3594164 is divided by 15.
14
What is the remainder when 32057 is divided by 57?
23
What is the remainder when 17453 is divided by 19?
11
Calculate the remainder when 25382 is divided by 564.
2
What is the remainder when 166231 is divided by 12786?
13
Calculate the remainder when 4523 is divided by 65.
38
Calculate the remainder when 60919 is divided by 38.
5
Calculate the remainder when 44440 is divided by 7.
4
What is the remainder when 2609 is divided by 236?
13
Calculate the remainder when 1348 is divided by 134.
8
What is the remainder when 44388 is divided by 179?
175
What is the remainder when 16916 is divided by 22?
20
Calculate the remainder when 150507 is divided by 33.
27
Calculate the remainder when 324366 is divided by 331.
317
Calculate the remainder when 11111 is divided by 75.
11
What is the remainder when 135636 is divided by 13?
7
Calculate the remainder when 38778 is divided by 64.
58
What is the remainder when 79980 is divided by 26?
4
Calculate the remainder when 1478 is divided by 89.
54
Calculate the remainder when 65302 is divided by 21708.
178
What is the remainder when 281 is divided by 51?
26
What is the remainder when 199105 is divided by 1422?
25
What is the remainder when 19130 is divided by 210?
20
What is the remainder when 193 is divided by 117?
76
Calculate the remainder when 111045 is divided by 805.
760
What is the remainder when 5335 is divided by 1645?
400
What is the remainder when 60030 is divided by 20003?
21
Calculate the remainder when 1625 is divided by 1083.
542
What is the remainder when 47080 is divided by 12?
4
What is the remainder when 165616 is divided by 56?
24
Calculate the remainder when 5096 is divided by 168.
56
Calculate the remainder when 209820 is divided by 52455.
0
What is the remainder when 1460104 is divided by 18?
16
Calculate the remainder when 3937 is divided by 517.
318
Calculate the remainder when 3771 is divided by 41.
40
What is the remainder when 17419 is divided by 36?
31
What is the remainder when 3210 is divided by 157?
70
Calculate the remainder when 4330 is divided by 999.
334
Calculate the remainder when 125800 is divided by 265.
190
What is the remainder when 14213 is divided by 514?
335
What is the remainder when 511189 is divided by 36?
25
Calculate the remainder when 149422 is divided by 283.
281
What is the remainder when 45285 is divided by 3481?
32
Calculate the remainder when 3590 is divided by 331.
280
Calculate the remainder when 47577 is divided by 151.
12
Calculate the remainder when 36650 is divided by 119.
117
Calculate the remainder when 8659 is divided by 76.
71
What is the remainder when 4304 is divided by 268?
16
Calculate the remainder when 82287 is divided by 7476.
51
Calculate the remainder when 9981 is divided by 12.
9
Calculate the remainder when 305 is divided by 252.
53
What is the remainder when 20671 is divided by 5132?
143
What is the remainder when 1420 is divided by 34?
26
What is the remainder when 2449404 is divided by 1093?
1084
What is the remainder when 573 is divided by 31?
15
Calculate the remainder when 332503 is divided by 82.
75
What is the remainder when 11747 is divided by 37?
18
What is the remainder when 135244 is divided by 67600?
44
What is the remainder when 123508 is divided by 36?
28
What is the remainder when 3018 is divided by 870?
408
What is the remainder when 1486939 is divided by 28?
27
Calculate the remainder when 24937 is divided by 48.
25
Calculate the remainder when 43170 is divided by 21576.
18
What is the remainder when 14067 is divided by 73?
51
What is the remainder when 363665 is divided by 90915?
5
What is the remainder when 102178 is divided by 3522?
40
What is the remainder when 735166 is divided by 168?
166
Calculate the remainder when 9328 is divided by 1029.
67
Calculate the remainder when 3628 is divided by 3485.
143
Calculate the remainder when 92557 is divided by 1115.
12
What is the remainder when 1908 is divided by 466?
44
Calculate the remainder when 36421 is divided by 12138.
7
What is the remainder when 207327 is divided by 12?
3
Calculate the remainder when 957 is divided by 190.
7
What is the remainder when 8007 is divided by 444?
15
Calculate the remainder when 7851 is divided by 34.
31
What is the remainder when 27430 is divided by 13702?
26
Calculate the remainder when 5938 is divided by 1484.
2
What is the remainder when 885286 is divided by 137?
129
What is the remainder when 2254 is divided by 599?
457
What is the remainder when 27973 is divided by 932?
13
What is the remainder when 6010 is divided by 1207?
1182
What is the remainder when 19231 is divided by 27?
7
Calculate the remainder when 120450 is divided by 12.
6
Calculate the remainder when 559204 is divided by 5.
4
What is the remainder when 76649 is divided by 248?
17
What is the remainder when 4768 is divided by 159?
157
Calculate the remainder when 41956 is divided by 313.
14
What is the remainder when 4863 is divided by 256?
255
Calculate the remainder when 63981 is divided by 399.
141
What is the remainder when 32890 is divided by 10962?
4
What is the remainder when 137 is divided by 80?
57
What is the remainder when 8418 is divided by 926?
84
Calculate the remainder when 6900 is divided by 331.
280
What is the remainder when 2913 is divided by 195?
183
What is the remainder when 16019 is divided by 1819?
1467
Calculate the remainder when 2776031 is divided by 72.
71
What is the remainder when 2339 is divided by 515?
279
What is the remainder when 2657 is divided by 854?
95
Calculate the remainder when 1400 is divided by 452.
44
Calculate the remainder when 290646 is divided by 414.
18
Calculate the remainder when 518 is divided by 152.
62
What is the remainder when 38061 is divided by 9514?
5
Calculate the remainder when 5171 is divided by 1162.
523
Calculate the remainder when 1032425 is divided by 81.
80
What is the remainder when 1394926 is divided by 48?
46
Calculate the remainder when 106 is divided by 98.
8
What is the remainder when 80397 is divided by 659?
658
What is the remainder when 90913 is divided by 119?
116
What is the remainder when 24020 is divided by 231?
227
What is the remainder when 5370 is divided by 345?
195
What is the remainder when 1694 is divided by 434?
392
What is the remainder when 10256 is divided by 539?
15
What is the remainder when 70475 is divided by 1119?
1097
What is the remainder when 4364 is divided by 11?
8
Calculate the remainder when 1278252 is divided by 183.
180
Calculate the remainder when 164216 is divided by 69.
65
Calculate the remainder when 5474 is divided by 782.
0
Calculate the remainder when 75546 is divided by 315.
261
Calculate the remainder when 1768 is divided by 535.
163
What is the remainder when 42526 is divided by 75?
1
Calculate the remainder when 10195 is divided by 837.
151
Calculate the remainder when 3609 is divided by 24.
9
Calculate the remainder when 79840 is divided by 181.
19
What is the remainder when 4305 is divided by 1428?
21
Calculate the remainder when 40085 is divided by 95.
90
What is the remainder when 49511 is divided by 7052?
147
Calculate the remainder when 2630341 is divided by 17.
16
Calculate the remainder when 531 is divided by 2.
1
What is the remainder when 1155 is divided by 194?
185
Calculate the remainder when 47520 is divided by 104.
96
Calculate the remainder when 7069 is divided by 7011.
58
Calculate the remainder when 14088 is divided by 37.
28
What is the remainder when 15804 is divided by 7883?
38
What is the remainder when 10845 is divided by 63?
9
Calculate the remainder when 10778 is divided by 1226.
970
What is the remainder 